{"id":8,"date":"2025-06-10T10:01:34","date_gmt":"2025-06-10T10:01:34","guid":{"rendered":"https:\/\/dualdiploma-switzerland.ch\/?page_id=8"},"modified":"2025-09-19T02:43:58","modified_gmt":"2025-09-19T02:43:58","slug":"about-ais","status":"publish","type":"page","link":"https:\/\/dualdiploma-switzerland.ch\/de\/about-ais\/","title":{"rendered":"\u00dcber AIS"},"content":{"rendered":"<section class=\"section section-hero-big\">\n  <div class=\"container\">\n\n          <h2 class=\"tagline\">F\u00fchrend in der virtuellen Bildung<\/h2>\n    \n\n          \n      <h1>Academica Corporation <span>eine Institution mit anerkanntem Prestige<\/span><\/h1>\n    \n          <p>\n        Seit fast 25 Jahren bietet die Academica Group mit Sitz in Miami, Florida, eine Ausbildung an, die auf die Zufriedenheit und den Erfolg der Studierenden ausgerichtet ist.\n      <\/p>\n    \n          <a href=\"https:\/\/dualdiploma-switzerland.ch\/de\/faq-contact-us\/\" target=\"\" class=\"btn btn--yellow\"><span>Mehr erfahren<\/span><\/a>\n    \n          <figure>\n        <img decoding=\"async\" src=\"https:\/\/dualdiploma-switzerland.ch\/wp-content\/uploads\/2025\/06\/academica_stock_34-1280x555.jpg\" alt=\"\" \/>\n      <\/figure>\n    \n  <\/div>\n<\/section>\n\n\n<section class=\"section section-academica\">\n  <div class=\"container\">\n\n    <div class=\"section-academica__top\">\n\n              <h2 class=\"animated-el-fadeInUp\">\n          <strong>Academica Corporation <\/strong> versteht das Online-Lernen als den Ansatz f\u00fcr die Hochschulbildung.        <\/h2>\n      \n      <div class=\"section-academica__top__text animated-el-fadeInUp\">\n        <p>Als <strong>f\u00fchrend in der virtuellen Bildung<\/strong> ist die Academica eine der wenigen Einrichtungen in den Vereinigten Staaten, die als <strong>ein Anbieter von \u00f6ffentlicher Online-Bildung<\/strong>.<\/p>\n<p>Mit mehr als <strong>165 000 Sch\u00fcler, 5 500 Lehrer, 220 Schulen<\/strong> in \u00fcber 10 Staaten und <strong>19 Einrichtungen die zu den Top 100 in den USA geh\u00f6ren,<\/strong>ist Academica der f\u00fchrende und gr\u00f6\u00dfte US-Bildungsanbieter von Charter Schools (100% privat gef\u00fchrte \u00f6ffentliche Schulen mit hoher p\u00e4dagogischer Leistung).<\/p>\n      <\/div>\n\n    <\/div>\n\n    <div class=\"section-academica__content\">\n      <div class=\"section-academica__content__col\">\n\n                  <figure class=\"animated-el-fadeInUp\">\n            <img loading=\"lazy\" decoding=\"async\" width=\"767\" height=\"511\" src=\"https:\/\/dualdiploma-switzerland.ch\/wp-content\/uploads\/2025\/06\/academica_stock_33-767x511.jpg\" class=\"attachment-width-rwd size-width-rwd\" alt=\"Academica International Studies\" srcset=\"https:\/\/dualdiploma-switzerland.ch\/wp-content\/uploads\/2025\/06\/academica_stock_33-767x510.jpg 767w, https:\/\/dualdiploma-switzerland.ch\/wp-content\/uploads\/2025\/06\/academica_stock_33-300x200.jpg 300w, https:\/\/dualdiploma-switzerland.ch\/wp-content\/uploads\/2025\/06\/academica_stock_33-1024x683.jpg 1024w, https:\/\/dualdiploma-switzerland.ch\/wp-content\/uploads\/2025\/06\/academica_stock_33-768x512.jpg 768w, https:\/\/dualdiploma-switzerland.ch\/wp-content\/uploads\/2025\/06\/academica_stock_33-1536x1024.jpg 1536w, https:\/\/dualdiploma-switzerland.ch\/wp-content\/uploads\/2025\/06\/academica_stock_33-2048x1365.jpg 2048w, https:\/\/dualdiploma-switzerland.ch\/wp-content\/uploads\/2025\/06\/academica_stock_33-60x40.jpg 60w, https:\/\/dualdiploma-switzerland.ch\/wp-content\/uploads\/2025\/06\/academica_stock_33-390x260.jpg 390w\" sizes=\"auto, (max-width: 767px) 100vw, 767px\" \/>          <\/figure>\n        \n        <p>Dank seines <strong>innovativen, sch\u00fclerzentrierten Ansatzes<\/strong>durch Kreativit\u00e4t, st\u00e4ndiges Experimentieren und einen kontinuierlichen Dialog zwischen P\u00e4dagogen, Sch\u00fclern und Eltern bietet die Academica ein einzigartiges Bildungsumfeld, das von der fr\u00fchkindlichen Erziehung bis zum Schulabschluss reicht und den Sch\u00fclern einen umfassenden akademischen Erfolg garantiert.<\/p>\n\n      <\/div>\n\n              <div class=\"section-academica__content__image animated-el-fadeInRight\" style=\"background-image:url('https:\/\/dualdiploma-switzerland.ch\/wp-content\/uploads\/2025\/06\/academica_stock_32.jpg');\">&nbsp;<\/div>\n      \n    <\/div>\n\n  <\/div>\n<\/section>\n\n\n<section class=\"section section-ais\">\n  <div class=\"container\">\n\n    <div class=\"section-ais__text animated-el-fadeInLeft\">\n\n      <figure>\n        <img decoding=\"async\" src=\"https:\/\/dualdiploma-switzerland.ch\/wp-content\/uploads\/2025\/06\/logo_footer.svg\" alt=\"Academica Dual Diploma Logo\" \/>\n      <\/figure>\n\n              <h3>\n          Academica\u00ae International Studies (AIS)        <\/h3>\n      \n              <p>\n          Mit der Philosophie, Studenten in ihrer Entwicklung und Vorbereitung sowohl innerhalb als auch au\u00dferhalb der Vereinigten Staaten zu unterst\u00fctzen, hat die Academica im Jahr 2001 ein offizielles Programm zur Validierung von Diplomen aus verschiedenen L\u00e4ndern ins Leben gerufen: das  International Dual Diploma (Internationales Doppeldiplom).        <\/p>\n      \n              <a href=\"https:\/\/dualdiploma-switzerland.ch\/de\/dual-diploma-program\/\" target=\"\" class=\"btn btn--yellow\">\n          <span>Mehr erfahren<\/span>\n        <\/a>\n            \n    <\/div>\n\n          <div class=\"section-ais__image animated-el-fadeInRight\" style=\"background-image:url('https:\/\/dualdiploma-switzerland.ch\/wp-content\/uploads\/2025\/06\/academica_stock_31-scaled.jpg');\">&nbsp;<\/div>\n    \n  <\/div>\n<\/section>\n\n\n<section class=\"section section-global\">\n  <div class=\"container\">\n\n          <div class=\"section-global__highlights animated-el-fadeInUp\">\n        <p>Mehr als <strong>50.000 Studenten<\/strong> in \u00fcber <strong>32 L\u00e4ndern,<\/strong>einschlie\u00dflich Spanien, Italien, Frankreich, Deutschland, Peru, Mexiko, Argentinien, China, S\u00fcdkorea, Marokko, Indien, Israel, ...<\/p>\n      <\/div>\n    \n    <div class=\"section-global__content\">\n\n              <div class=\"section-global__content__highlight animated-el-fadeInLeft\">\n          <p>Academica\u00ae International Studies, der internationale Zweig der Academica-Gruppe, bietet das Programm Academica Dual Diploma\u2122 an. Sein Ziel: Studenten au\u00dferhalb der USA eine qualitativ hochwertige Ausbildung mit digitaler Immersion zu bieten.<\/p>\n        <\/div>\n      \n              <div class=\"section-global__content__text animated-el-fadeInRight\">\n          <p>Die AIS verbindet p\u00e4dagogisches Fachwissen mit technologischer Innovation und bietet ein hochwertiges, individuelles Lernumfeld. Mit dem Schwerpunkt auf der Entwicklung technischer F\u00e4higkeiten und einem multikulturellen Ansatz bildet die AIS global denkende Studenten aus.<\/p>\n        <\/div>\n      \n    <\/div>\n\n          <div class=\"section-global__images\">\n\n                  <figure class=\"animated-el-fadeInLeft\">\n            <img loading=\"lazy\" decoding=\"async\" width=\"500\" height=\"315\" src=\"https:\/\/dualdiploma-switzerland.ch\/wp-content\/uploads\/2025\/06\/92f5c1cc62dc8e9135ce12c06f51befb909d840b-500x315.jpg\" class=\"attachment-block-global size-block-global\" alt=\"Academica International Studies\" \/>          <\/figure>\n        \n                  <figure class=\"animated-el-fadeInUp\">\n            <img loading=\"lazy\" decoding=\"async\" width=\"500\" height=\"315\" src=\"https:\/\/dualdiploma-switzerland.ch\/wp-content\/uploads\/2025\/06\/academica_stock_30-500x315.jpg\" class=\"attachment-block-global size-block-global\" alt=\"Academica International Studies\" \/>          <\/figure>\n        \n                  <figure class=\"animated-el-fadeInRight\">\n            <img loading=\"lazy\" decoding=\"async\" width=\"500\" height=\"315\" src=\"https:\/\/dualdiploma-switzerland.ch\/wp-content\/uploads\/2025\/06\/academica_stock_29-500x315.jpg\" class=\"attachment-block-global size-block-global\" alt=\"Academica International Studies\" \/>          <\/figure>\n                \n      <\/div>\n        \n\n  <\/div>\n<\/section>\n\n\n<section class=\"section section-guarantees\">\n  <div class=\"container\">\n\n          <h2 class=\"animated-el-fadeInUp\">\n        Garantien      <\/h2>\n    \n          <p>\n        Die Bildungsangebote und -einrichtungen der Academica sind nach den h\u00f6chsten Standards des Landes akkreditiert.      <\/p>\n    \n    <div class=\"section-guarantees__list\">\n              <div class=\"guarantee animated-el-fadeInUp\">\n          <figure>\n            <img decoding=\"async\" src=\"https:\/\/dualdiploma-switzerland.ch\/wp-content\/uploads\/2025\/06\/Image-from-iOS-2.jpg\" alt=\"\" \/>\n          <\/figure>\n          <div class=\"guarantee__text\">\n            <h4>President's \"E\" Award<\/h4>\n            <p>\n              Der President's \"E\" Award ist die h\u00f6chste Auszeichnung, die der Pr\u00e4sident der Vereinigten Staaten an Organisationen verleiht, die sich durch den Export wirtschaftlicher und kultureller Werten auszeichnen. Im Jahr 2022 erhielt die Academica diese prestigetr\u00e4chtige Auszeichnung als Anerkennung f\u00fcr die messbare Expansion, die Qualit\u00e4t, die Innovation und die finanzielle Stabilit\u00e4t des Dual Diploma Program. Die Auszeichnung unterstreicht auch den bedeutenden globalen Einfluss des Programms und seine Rolle bei der amerikanischen Sprache, Bildung und Kultur in der ganzen Welt.            <\/p>\n          <\/div>\n        <\/div>\n              <div class=\"guarantee animated-el-fadeInUp\">\n          <figure>\n            <img decoding=\"async\" src=\"https:\/\/dualdiploma-switzerland.ch\/wp-content\/uploads\/2025\/06\/Image-from-iOS.jpg\" alt=\"\" \/>\n          <\/figure>\n          <div class=\"guarantee__text\">\n            <h4>Cognia<\/h4>\n            <p>\n              Cognia ist eine Referenzorganisation f\u00fcr Spitzenleistungen im Bildungswesen. Sie akkreditiert Grund- und Sekundarschulen nach strengen Kriterien f\u00fcr hervorragende Leistungen.            <\/p>\n          <\/div>\n        <\/div>\n              <div class=\"guarantee animated-el-fadeInUp\">\n          <figure>\n            <img decoding=\"async\" src=\"https:\/\/dualdiploma-switzerland.ch\/wp-content\/uploads\/2025\/06\/Image-from-iOS-1.jpg\" alt=\"\" \/>\n          <\/figure>\n          <div class=\"guarantee__text\">\n            <h4>National Blue Ribbon Schools<\/h4>\n            <p>\n              Das Programm \"National Blue Ribbon Schools\" des US-Bildungsministeriums zeichnet leistungsstarke Schulen aus, die soziale Ungleichheiten unter Sch\u00fclern bek\u00e4mpfen.            <\/p>\n          <\/div>\n        <\/div>\n          <\/div>\n\n  <\/div>\n<\/section>","protected":false},"excerpt":{"rendered":"","protected":false},"author":1,"featured_media":0,"parent":0,"menu_order":0,"comment_status":"closed","ping_status":"closed","template":"","meta":{"_acf_changed":false,"footnotes":""},"class_list":["post-8","page","type-page","status-publish","hentry"],"acf":[],"_links":{"self":[{"href":"https:\/\/dualdiploma-switzerland.ch\/de\/wp-json\/wp\/v2\/pages\/8","targetHints":{"allow":["GET"]}}],"collection":[{"href":"https:\/\/dualdiploma-switzerland.ch\/de\/wp-json\/wp\/v2\/pages"}],"about":[{"href":"https:\/\/dualdiploma-switzerland.ch\/de\/wp-json\/wp\/v2\/types\/page"}],"author":[{"embeddable":true,"href":"https:\/\/dualdiploma-switzerland.ch\/de\/wp-json\/wp\/v2\/users\/1"}],"replies":[{"embeddable":true,"href":"https:\/\/dualdiploma-switzerland.ch\/de\/wp-json\/wp\/v2\/comments?post=8"}],"version-history":[{"count":33,"href":"https:\/\/dualdiploma-switzerland.ch\/de\/wp-json\/wp\/v2\/pages\/8\/revisions"}],"predecessor-version":[{"id":907,"href":"https:\/\/dualdiploma-switzerland.ch\/de\/wp-json\/wp\/v2\/pages\/8\/revisions\/907"}],"wp:attachment":[{"href":"https:\/\/dualdiploma-switzerland.ch\/de\/wp-json\/wp\/v2\/media?parent=8"}],"curies":[{"name":"wp","href":"https:\/\/api.w.org\/{rel}","templated":true}]}}

Über AIS

<section class="section section-hero-big">
  <div class="container">

          <h2 class="tagline">Führend in der virtuellen Bildung</h2>
    

          
      <h1>Academica Corporation <span>eine Institution mit anerkanntem Prestige</span></h1>
    
          <p>
        Seit fast 25 Jahren bietet die Academica Group mit Sitz in Miami, Florida, eine Ausbildung an, die auf die Zufriedenheit und den Erfolg der Studierenden ausgerichtet ist.
      </p>
    
          <a href="https://dualdiploma-switzerland.ch/de/faq-contact-us/" target="" class="btn btn--yellow"><span>Mehr erfahren</span></a>
    
          <figure>
        <img decoding="async" src="https://dualdiploma-switzerland.ch/wp-content/uploads/2025/06/academica_stock_34-1280x555.jpg" alt="" />
      </figure>
    
  </div>
</section>


<section class="section section-academica">
  <div class="container">

    <div class="section-academica__top">

              <h2 class="animated-el-fadeInUp">
          <strong>Academica Corporation </strong> versteht das Online-Lernen als den Ansatz für die Hochschulbildung.        </h2>
      
      <div class="section-academica__top__text animated-el-fadeInUp">
        <p>Als <strong>führend in der virtuellen Bildung</strong> ist die Academica eine der wenigen Einrichtungen in den Vereinigten Staaten, die als <strong>ein Anbieter von öffentlicher Online-Bildung</strong>.</p>
<p>Mit mehr als <strong>165 000 Schüler, 5 500 Lehrer, 220 Schulen</strong> in über 10 Staaten und <strong>19 Einrichtungen die zu den Top 100 in den USA gehören,</strong>ist Academica der führende und größte US-Bildungsanbieter von Charter Schools (100% privat geführte öffentliche Schulen mit hoher pädagogischer Leistung).</p>
      </div>

    </div>

    <div class="section-academica__content">
      <div class="section-academica__content__col">

                  <figure class="animated-el-fadeInUp">
            <img loading="lazy" decoding="async" width="767" height="511" src="https://dualdiploma-switzerland.ch/wp-content/uploads/2025/06/academica_stock_33-767x511.jpg" class="attachment-width-rwd size-width-rwd" alt="Academica International Studies" srcset="https://dualdiploma-switzerland.ch/wp-content/uploads/2025/06/academica_stock_33-767x510.jpg 767w, https://dualdiploma-switzerland.ch/wp-content/uploads/2025/06/academica_stock_33-300x200.jpg 300w, https://dualdiploma-switzerland.ch/wp-content/uploads/2025/06/academica_stock_33-1024x683.jpg 1024w, https://dualdiploma-switzerland.ch/wp-content/uploads/2025/06/academica_stock_33-768x512.jpg 768w, https://dualdiploma-switzerland.ch/wp-content/uploads/2025/06/academica_stock_33-1536x1024.jpg 1536w, https://dualdiploma-switzerland.ch/wp-content/uploads/2025/06/academica_stock_33-2048x1365.jpg 2048w, https://dualdiploma-switzerland.ch/wp-content/uploads/2025/06/academica_stock_33-60x40.jpg 60w, https://dualdiploma-switzerland.ch/wp-content/uploads/2025/06/academica_stock_33-390x260.jpg 390w" sizes="auto, (max-width: 767px) 100vw, 767px" />          </figure>
        
        <p>Dank seines <strong>innovativen, schülerzentrierten Ansatzes</strong>durch Kreativität, ständiges Experimentieren und einen kontinuierlichen Dialog zwischen Pädagogen, Schülern und Eltern bietet die Academica ein einzigartiges Bildungsumfeld, das von der frühkindlichen Erziehung bis zum Schulabschluss reicht und den Schülern einen umfassenden akademischen Erfolg garantiert.</p>

      </div>

              <div class="section-academica__content__image animated-el-fadeInRight" style="background-image:url('https://dualdiploma-switzerland.ch/wp-content/uploads/2025/06/academica_stock_32.jpg');">&nbsp;</div>
      
    </div>

  </div>
</section>


<section class="section section-ais">
  <div class="container">

    <div class="section-ais__text animated-el-fadeInLeft">

      <figure>
        <img decoding="async" src="https://dualdiploma-switzerland.ch/wp-content/uploads/2025/06/logo_footer.svg" alt="Academica Dual Diploma Logo" />
      </figure>

              <h3>
          Academica® International Studies (AIS)        </h3>
      
              <p>
          Mit der Philosophie, Studenten in ihrer Entwicklung und Vorbereitung sowohl innerhalb als auch außerhalb der Vereinigten Staaten zu unterstützen, hat die Academica im Jahr 2001 ein offizielles Programm zur Validierung von Diplomen aus verschiedenen Ländern ins Leben gerufen: das  International Dual Diploma (Internationales Doppeldiplom).        </p>
      
              <a href="https://dualdiploma-switzerland.ch/de/dual-diploma-program/" target="" class="btn btn--yellow">
          <span>Mehr erfahren</span>
        </a>
            
    </div>

          <div class="section-ais__image animated-el-fadeInRight" style="background-image:url('https://dualdiploma-switzerland.ch/wp-content/uploads/2025/06/academica_stock_31-scaled.jpg');">&nbsp;</div>
    
  </div>
</section>


<section class="section section-global">
  <div class="container">

          <div class="section-global__highlights animated-el-fadeInUp">
        <p>Mehr als <strong>50.000 Studenten</strong> in über <strong>32 Ländern,</strong>einschließlich Spanien, Italien, Frankreich, Deutschland, Peru, Mexiko, Argentinien, China, Südkorea, Marokko, Indien, Israel, ...</p>
      </div>
    
    <div class="section-global__content">

              <div class="section-global__content__highlight animated-el-fadeInLeft">
          <p>Academica® International Studies, der internationale Zweig der Academica-Gruppe, bietet das Programm Academica Dual Diploma™ an. Sein Ziel: Studenten außerhalb der USA eine qualitativ hochwertige Ausbildung mit digitaler Immersion zu bieten.</p>
        </div>
      
              <div class="section-global__content__text animated-el-fadeInRight">
          <p>Die AIS verbindet pädagogisches Fachwissen mit technologischer Innovation und bietet ein hochwertiges, individuelles Lernumfeld. Mit dem Schwerpunkt auf der Entwicklung technischer Fähigkeiten und einem multikulturellen Ansatz bildet die AIS global denkende Studenten aus.</p>
        </div>
      
    </div>

          <div class="section-global__images">

                  <figure class="animated-el-fadeInLeft">
            <img loading="lazy" decoding="async" width="500" height="315" src="https://dualdiploma-switzerland.ch/wp-content/uploads/2025/06/92f5c1cc62dc8e9135ce12c06f51befb909d840b-500x315.jpg" class="attachment-block-global size-block-global" alt="Academica International Studies" />          </figure>
        
                  <figure class="animated-el-fadeInUp">
            <img loading="lazy" decoding="async" width="500" height="315" src="https://dualdiploma-switzerland.ch/wp-content/uploads/2025/06/academica_stock_30-500x315.jpg" class="attachment-block-global size-block-global" alt="Academica International Studies" />          </figure>
        
                  <figure class="animated-el-fadeInRight">
            <img loading="lazy" decoding="async" width="500" height="315" src="https://dualdiploma-switzerland.ch/wp-content/uploads/2025/06/academica_stock_29-500x315.jpg" class="attachment-block-global size-block-global" alt="Academica International Studies" />          </figure>
                
      </div>
        

  </div>
</section>


<section class="section section-guarantees">
  <div class="container">

          <h2 class="animated-el-fadeInUp">
        Garantien      </h2>
    
          <p>
        Die Bildungsangebote und -einrichtungen der Academica sind nach den höchsten Standards des Landes akkreditiert.      </p>
    
    <div class="section-guarantees__list">
              <div class="guarantee animated-el-fadeInUp">
          <figure>
            <img decoding="async" src="https://dualdiploma-switzerland.ch/wp-content/uploads/2025/06/Image-from-iOS-2.jpg" alt="" />
          </figure>
          <div class="guarantee__text">
            <h4>President's "E" Award</h4>
            <p>
              Der President's "E" Award ist die höchste Auszeichnung, die der Präsident der Vereinigten Staaten an Organisationen verleiht, die sich durch den Export wirtschaftlicher und kultureller Werten auszeichnen. Im Jahr 2022 erhielt die Academica diese prestigeträchtige Auszeichnung als Anerkennung für die messbare Expansion, die Qualität, die Innovation und die finanzielle Stabilität des Dual Diploma Program. Die Auszeichnung unterstreicht auch den bedeutenden globalen Einfluss des Programms und seine Rolle bei der amerikanischen Sprache, Bildung und Kultur in der ganzen Welt.            </p>
          </div>
        </div>
              <div class="guarantee animated-el-fadeInUp">
          <figure>
            <img decoding="async" src="https://dualdiploma-switzerland.ch/wp-content/uploads/2025/06/Image-from-iOS.jpg" alt="" />
          </figure>
          <div class="guarantee__text">
            <h4>Cognia</h4>
            <p>
              Cognia ist eine Referenzorganisation für Spitzenleistungen im Bildungswesen. Sie akkreditiert Grund- und Sekundarschulen nach strengen Kriterien für hervorragende Leistungen.            </p>
          </div>
        </div>
              <div class="guarantee animated-el-fadeInUp">
          <figure>
            <img decoding="async" src="https://dualdiploma-switzerland.ch/wp-content/uploads/2025/06/Image-from-iOS-1.jpg" alt="" />
          </figure>
          <div class="guarantee__text">
            <h4>National Blue Ribbon Schools</h4>
            <p>
              Das Programm "National Blue Ribbon Schools" des US-Bildungsministeriums zeichnet leistungsstarke Schulen aus, die soziale Ungleichheiten unter Schülern bekämpfen.            </p>
          </div>
        </div>
          </div>

  </div>
</section>
